he units digit of i?
6
Let a be (14 + 4)*(-1 - -2). Let d = a - -4. What is the tens digit of d?
2
Let y = -1 - -6. Suppose 11 = 3*t + 4*a - y*a, 3*a = -t - 13. What is the units digit of t?
2
Let t(m) = 2*m + 2. Let k be t(2). Suppose 3*n - k = 5*n - 5*j, 40 = 4*n + 3*j. Suppose n*i - 8 = 3*i, -5*f = -5*i. What is the units digit of f?
2
Let s(f) = f**3 - 2*f**2 - 2. Let t be s(3). Suppose 0 = -3*r - 4 + t. What is the units digit of r?
1
What is the tens digit of ((-2)/3)/(4/(-126))?
2
Suppose -4*z = 2*m - 0*m - 8, 5*m + z = 2. Let s be (1 - m) + -2 + 4. Suppose 2*i - s = -1. What is the units digit of i?
1
Suppose 5*i + 12 = 92. Suppose -4*j - 21 = -u, -13 = -3*u - 5*j + i. What is the tens digit of u?
1
Let i be 6/21 + 96/7. Suppose 2*r = 8 + i. What is the units digit of r?
1
Suppose 0*c - 2*c + 2 = -m, 4*m - 3*c = 2. Let s be 315/(-20) + m/(-8). What is the units digit of (s + 0)*(-3)/6?
8
Suppose -7*h = -2*h + 15. What is the tens digit of h - (0 - 3) - -13?
1
Suppose 2*w = -2*w + 8. Suppose -2*f - 3*v = 7, 0*f - f - 6 = 2*v. What is the units digit of (f - 0)*(w + -1)?
4
Let v be ((-4)/3)/((-12)/(-54)). Let w be (-20)/12 - (-2)/v. What is the units digit of 3 + (2 + 0)/w?
2
Let b(g) = g**2 + 8*g + 24. What is the units digit of b(-4)?
8
Let c = 9 - 13. What is the units digit of -12*2/c*1?
6
Let r = 15 - 15. Suppose 2*w - 18 = 3*k, 5*k - 2*w + 16 + 18 = 0. What is the units digit of 3/6*r - k?
8
Suppose -25*c = -2340 - 360. What is the tens digit of c?
0
Let t = 24 + -12. Suppose -t = 3*x - 42. What is the tens digit of x?
1
Let r = 3 - 0. Let q(l) = 2*l**r + 14 + l**3 - 4*l**3. What is the units digit of q(0)?
4
Suppose -398 = -2*n + 4*k, 5*n + 0*n - 5*k = 985. What is the hundreds digit of n?
1
Let w = -3 - 0. Let i = w - -4. What is the units digit of 8 - (i - (0 + 2))?
9
Let x be ((-6)/8)/((-2)/(-8)). Let m(b) be the first derivative of -b**4/4 - b**3/3 + 3*b**2/2 - 2*b - 2. What is the units digit of m(x)?
7
Suppose -2 = 2*h - 2*b, -4*b + 5 = -2*h - 3*b. Let u = 14 + -8. What is the units digit of ((-2)/h)/(1/u)?
3
Let v(b) = -b**3 + 6*b**2 + 7*b + 6. Let z be v(7). Suppose z - 1 = -n. Let m(c) = -c**2 - 7*c - 4. What is the units digit of m(n)?
6
Let p = 11 + -35. What is the units digit of (p/(-20))/((-1)/(-5))?
6
Let t(d) = 11*d**3 - 2*d**2 + d + 2. Let w be t(2). Suppose 3*l - w = a, -l - 2*l + 4*a = -75. What is the units digit of l?
9
Let n(h) = -h**3 + 8. Let x be n(0). What is the tens digit of 24 - (x - 4) - 1?
1
Let j = -10 + 12. Suppose 0 = 5*i + 15, -2*i = -j*x - 10 + 62. What is the tens digit of x?
2
Suppose -3 = f - 33. Suppose 6*q - 4*q - f = 0. What is the units digit of q?
5
Suppose -5*w = -f + 3, -5*f + 2*w = -3*w - 35. What is the units digit of f?
8
Let q(x) = x + 2. Let f be q(-1). Suppose -l + 1 = 0, 2*z = -2*z + 2*l - 22. What is the units digit of z*f*(2 + -3)?
5
What is the tens digit of (-1)/(-4) - (-815)/20?
4
Let g(r) = 3*r**2 - 4*r - 4. What is the tens digit of g(-3)?
3
Let i(m) = m**3 - 5*m**2 + 7*m + 2. Let s be i(5). Let y = s - 17. What is the tens digit of y?
2
What is the tens digit of 285 + -3 - 5/(-1)?
8
Let l(h) = h**2 - 3*h - 2. Let k be l(-3). Suppose 5*f + 1 - k = 0. What is the units digit of f?
3
Let v = -338 + 603. What is the hundreds digit of v?
2
Suppose -x - 54 = -5*a - 229, -3*a + 579 = 3*x. What is the tens digit of x?
9
Let v = 22 + -14. What is the units digit of v?
8
Suppose -3*q = -194 + 14. Suppose -4*y = i - 91 - 2, 3*y + 4*i = q. What is the tens digit of y?
2
Let r = 42 + -17. Let p = r + -15. What is the tens digit of p?
1
Let y(o) = -6*o**2 + o - 5. Let z(t) = 7*t**2 + 6. Let f(h) = -6*y(h) - 5*z(h). Let x be f(6). Let u(l) = -l**2 + l + 9. What is the units digit of u(x)?
9
Let n(r) = r + 1. Let c be n(2). Suppose -c*s + 2*j + 0*j - 2 = 0, -14 = 2*s + 5*j. What is the units digit of 2 + -2 - (s - -1)?
1
Let m(o) = -o**3 + 113. What is the hundreds digit of m(0)?
1
What is the tens digit of 5943/(-56)*-2 - 2/8?
1
Let a = 202 + -58. What is the hundreds digit of a?
1
Suppose -m = 11 - 16. Suppose b = 20 - 2. Suppose 4*q - 52 = -2*d, -m + b = q + d. What is the units digit of q?
3
Suppose 5*d = x + 17, -2*x = -0*x - 4*d + 34. What is the units digit of (-2)/(-12) - x/6?
3
Let h = -5 + 18. Let b(o) = -3*o - 5. Let r be b(-3). Suppose 5 = -r*a + 3*d, -d + h = 5*a + 5. What is the units digit of a?
1
Suppose 0 = 4*r + 166 - 46. Let o = 50 + r. What is the units digit of o?
0
Suppose -2*n + 31 = -7. Suppose 0*r + r + n = x, 64 = 3*x + 4*r. What is the tens digit of x?
2
Suppose -2*i = -5*x + 179, 0*i - 185 = -5*x + 5*i. What is the tens digit of x?
3
Suppose u = -2*r - 28 - 33, -3*u = -3. Let t = -14 - r. What is the tens digit of t?
1
Let x(i) = i + 3. Suppose j = -b - 10, 2*j - 5*b + 4 - 12 = 0. Let t be x(j). What is the units digit of (-47)/(-3) + t/(-9)?
6
Let f(s) = -s - 2. Let u be f(-6). Suppose u*t - t = 9. Suppose 0 = -5*w + 3*h + 107, t*h = -4*w + 4*h + 87. What is the tens digit of w?
2
Let z = -19 + 31. Suppose -b + z = 5. What is the units digit of b?
7
What is the units digit of (-4)/(-1) - ((-1)/(-1) - 284)?
7
Let l(m) = m**3 + 7*m**2 + 7*m + 7. Let h = 10 + -15. What is the units digit of l(h)?
2
Let a(r) = -2*r**3 - 4*r**2 + 6*r + 5. Let n be a(-4). Let d = n - 25. Suppose -6*i = -4*i - d. What is the tens digit of i?
1
Let d = 3 + -2. What is the units digit of d?
1
Suppose 0 = -5*u + u + 52. Let h = u - -1. What is the tens digit of h?
1
Let i(m) be the second derivative of 1/20*m**5 + 2*m**2 + 0 + 1/6*m**4 - 2*m - 1/3*m**3. What is the units digit of i(-3)?
1
Let n = 61 + -14. What is the tens digit of n?
4
Suppose 0 = o - 5*g - 17 - 3, -2*g - 4 = 0. Suppose 6 = 2*d - o. What is the units digit of d?
8
Let m(v) = 2*v**2 - 3*v + 1. Let c(h) = -h**3 + 6*h**2 - 5*h + 3. Let i be c(5). What is the units digit of m(i)?
0
Let g = -7 + 4. Let x = g - -19. What is the tens digit of x?
1
Suppose 0 = -n - 1 + 3. Let c(h) = -h + 8. Let x be c(0). Suppose -x = -n*q + 6. What is the units digit of q?
7
Let x = 6 + 0. Let j be 10/(1/(3/x)). Let k = j - 3. What is the units digit of k?
2
Let g(h) = -h**3 + h**2 - h + 3. What is the units digit of g(0)?
3
Suppose 0 = -5*w + 9*w - 20. Suppose -w*i + 2*i = -93. What is the units digit of i?
1
Let a be 26 + (1 + 2)/(-3). Let k = a + -6. What is the units digit of k?
9
What is the units digit of 16/(-4) + (298 - (-2 + -2))?
8
Let j(i) = i + 1. Let o(h) = -4*h - 16. Let y(f) = -3*j(f) - o(f). What is the units digit of y(-10)?
3
Suppose 40 = 3*w - w. Let k = 18 + -12. Suppose -n - k = -w. What is the units digit of n?
4
Let i(q) = -89*q**2 - 2*q + 1. Let z be i(1). What is the tens digit of (18/(-27))/(4/z)?
1
Let v = 19 + 2. Suppose f + 8 = v. What is the tens digit of f?
1
Suppose -3*z + 83 = -16. What is the tens digit of z?
3
Suppose 1 = 2*c - c. Let j be (-2 + c)/(1 - 0). What is the units digit of 2 + -1 + j - -5?
5
Let y be 0/(2 - 1 - 3). Suppose -4*b + 9*b + 75 = y. Let s = -6 - b. What is the units digit of s?
9
Suppose -5*t + 2*r + 7 = 0, -5*r + 40 = 5*t + 5. Let k be -2*(1 - t)*1. What is the units digit of k/2 - 3 - -8?
7
Let t = 1 - 1. Suppose 5*n + 10 = -2*q, 3*q = n - t*q + 19. What is the units digit of (-3 - -4) + n - -10?
7
Suppose -5*f + 59 = -6. Suppose 3*t = 5*g - 16, -3*g + 2*t + f - 3 = 0. What is the units digit of g?
2
Let o = -18 + 30. Let d = o + 20. What is the units digit of d?
2
Suppose 2*x = -3*d + 7, 2*x + 3*d - 13 = -2*d. What is the units digit of (-5 - 0)/(0 + x)?
5
Suppose -17 = 5*v + 8. Let n(l) = l**3 + 4*l**2 - 6*l - 1. Let j be n(v). Suppose 0 = -5*h - 5*k + 35, 2*k - 16 = -j*h + 10. What is the units digit of h?
6
Let f(x) = x**3 + 8*x**2 + 3*x - 1. Let o be (12 + -3 + 5)/(-2). What is the units digit of f(o)?
7
Let j(q) = 2*q**2 + q. Let n be j(2). Suppose -n = 5*t, -d - 3*t - 5 = -t. Let u(g) = 16*g**2 + g + 1. What is the units digit of u(d)?
6
Let p be 0 + 6/((-4)/(-2)). What is the units digit of (p - 1) + (1 - -2)?
5
Suppose -19*h + 1668 = -15*h. What is the tens digit of h?
1
Let o(g) = -7*g + 0*g - 6 + 3*g. What is the tens digit of o(-5)?
1
Let f = 83 + -59. What is the tens digit of (f/(-2))/(2/(-5))?
3
Suppose p = 4*s + 17, -4*p = -0*p - 4*s - 8. Let x(l) = -l**3 + 4 - 